 base 16?
-42611
What is -6a7797 (base 11) in base 10?
-1122986
1122221102 (base 3) to base 14
bd22
Convert -10001300202 (base 4) to base 7.
-11655033
What is -4558818 (base 10) in base 2?
-10001011000111111100010
-12200111 (base 5) to base 13
-40848
What is 534534015 (base 6) in base 4?
210013203323
21221122220 (base 3) to base 5
20001424
Convert -34302330 (base 6) to base 8.
-4003316
Convert 111121021211 (base 3) to base 7.
2163424
Convert -30530606 (base 7) to base 12.
-a3689b
Convert -2223323244 (base 5) to base 12.
-178476b
What is -210022011212 (base 3) in base 6?
-12553122
Convert -3941287 (base 10) to base 7.
-45333430
What is 30414430 (base 5) in base 15?
4d7b0
Convert 4b534d (base 15) to base 3.
20210111201201
Convert 11110111010101 (base 2) to base 11.
10990
b2a71 (base 14) to base 16
6902b
Convert 358b87 (base 12) to base 14.
1876ab
What is 2f2e7 (base 16) in base 9?
324077
434442013 (base 6) to base 2
11101101011110011111001
What is -2002212020122 (base 3) in base 8?
-4211732
What is -56542 (base 11) in base 2?
-10011111110110010
What is -146032441 (base 7) in base 14?
-1425821
What is 1101002212 (base 3) in base 6?
325122
What is -aba74 (base 15) in base 6?
-15410314
What is -4416423 (base 8) in base 9?
-2208340
What is -474 (base 16) in base 15?
-510
What is -16326231 (base 7) in base 3?
-2222121201210
4343201 (base 5) to base 14
1d38d
What is -11024134 (base 5) in base 13?
-34647
-374b70 (base 16) to base 12
-1269128
Convert -150776 (base 8) to base 5.
-3210013
-152431541 (base 6) to base 16
-30f355
Convert -4661953 (base 10) to base 13.
-c72c6a
-57204a (base 11) to base 4
-3132101322
Convert -888798 (base 14) to base 3.
-22201101210121
544186 (base 9) to base 2
1001111001111010100
What is 52b111 (base 12) in base 14?
25d71b
What is 513045 (base 8) in base 5?
20411014
What is 2361352 (base 12) in base 14?
ca27dc
What is 31e69 (base 15) in base 12?
77883
-c0e75 (base 16) to base 11
-49a703
Convert 4d4c1 (base 14) to base 10.
190289
-7136665 (base 9) to base 12
-13352a2
150553225 (base 6) to base 12
1068815
Convert 52bbda (base 14) to base 4.
22223032110
Convert -235465 (base 7) to base 15.
-ca1a
What is -1c74a9 (base 15) in base 10?
-1391559
What is -3ca25d (base 16) in base 9?
-7425830
What is -986283 (base 10) in base 2?
-11110000110010101011
2647409 (base 10) to base 7
31334252
Convert 1314333240 (base 5) to base 4.
30200020020
What is 131231202 (base 4) in base 10?
121698
What is 111122013 (base 4) in base 3?
11110021200
-4102322 (base 5) to base 15
-14827
What is -41013427 (base 8) in base 10?
-8656663
What is -430541 (base 6) in base 13?
-13036
What is 381347 (base 9) in base 13?
80ca4
Convert 359286 (base 10) to base 14.
94d14
What is 37b2a (base 13) in base 7?
606111
Convert 100022020220 (base 3) to base 15.
39410
What is 121220110020202 (base 3) in base 11?
5087107
What is 702837 (base 12) in base 7?
20562523
Convert -82b61 (base 12) to base 3.
-22200120101
Convert 201000121200 (base 3) to base 2.
1011011011010011011
Convert -15b1 (base 14) to base 15.
-1239
Convert 222022101 (base 4) to base 16.
2a291
What is -10bfa98 (base 16) in base 5?
-13443443024
Convert -6d58e (base 16) to base 12.
-19723a
-9aa487 (base 13) to base 12
-1280330
Convert -21123133000 (base 4) to base 10.
-2471872
Convert -28d032 (base 14) to base 15.
-1d0547
Convert 5266686 (base 9) to base 8.
12603027
What is -25521330 (base 6) in base 8?
-3136626
-11b85a (base 12) to base 5
-33233143
What is -54615715 (base 8) in base 9?
-24070530
What is 1127063 (base 9) in base 7?
5113563
What is -66081a (base 11) in base 16?
-1019a5
What is -66002206 (base 7) in base 5?
-2421213232
What is a63503 (base 11) in base 7?
20321614
What is -3778c3 (base 13) in base 6?
-44304344
6f2ed (base 16) to base 14
bbd6d
What is -203033 (base 11) in base 4?
-1033213303
Convert -334721 (base 9) to base 12.
-97b24
Convert 2c1ab2 (base 14) to base 16.
17857c
What is -123ce1 (base 15) in base 6?
-30420421
Convert -2d41d (base 16) to base 7.
-1401306
-238ca (base 15) to base 5
-12111430
What is 144443031 (base 5) in base 14?
1648ac
Convert 22990a (base 11) to base 14.
96b70
Convert -1001101100011110010 (base 2) to base 15.
-641dc
Convert -401236 (base 7) to base 14.
-1a956
-21204443 (base 5) to base 12
-87538
Convert 145264 (base 10) to base 7.
1143340
-1000101110000011110 (base 2) to base 6
-10042450
What is 28770 (base 12) in base 15?
11a93
What is 122800 (base 11) in base 4?
233112223
32958 (base 10) to base 15
9b73
What is -a04a3a (base 11) in base 2?
-110001010110010111111
What is 3a31486 (base 11) in base 12?
24021a9
What is 234b3 (base 15) in base 4?
123130323
What is -336417 (base 8) in base 9?
-183254
-11154110 (base 6) to base 8
-1233372
7eee12 (base 16) to base 4
133232320102
What is -3b2bd3 (base 14) in base 7?
-23241553
Convert -101000110010110000 (base 2) to base 12.
-80840
114433132 (base 5) to base 13
161703
Convert -11021221121220 (base 3) to base 7.
-25253502
6ab26 (base 15) to base 6
11142043
What is -10022220012 (base 4) in base 10?
-1092102
Convert 11011000101011010101110 (base 2) to base 7.
114230636
-103857 (base 12) to base 3
-110222010011
Convert 288350 (base 9) to base 4.
223021002
-4f75f0 (base 16) to base 4
-103313113300
What is 1737012 (base 8) in base 7?
4212210
What is -144125554 (base 6) in base 14?
-580618
Convert 41002231 (base 5) to base 7.
2535361
What is 9426a (base 11) in base 15?
2aaab
11080ba (base 13) to base 12
18b6507
What is 1224231134 (base 5) in base 8?
13230013
What is -12894366 (base 10) in base 6?
-1140212050
Convert 130785 (base 9) to base 11.
54700
What is -101110000001011100011 (base 2) in base 11?
-940040
-1002553 (base 8) to base 13
-92c48
Convert 4217db (base 15) to base 8.
13774342
31905 (base 14) to base 12
59381
Convert 5522530 (base 6) to base 15.
568dc
-3103726 (base 10) to base 5
-1243304401
What is -3014322 (base 6) in base 14?
-39baa
What is 10222201200 (base 3) in base 2?
10011001011000110
What is -5721 (base 8) in base 5?
-44100
Convert 28367 (base 10) to base 14.
a4a3
Convert 1000000110101000100 (base 2) to base 6.
5405204
-2013333 (base 5) to base 3
-1122100220
What is -31013302 (base 7) in base 5?
-1130414412
-2220222121 (base 3) to base 9
-86877
What is -21020203 (base 5) in base 4?
-222101322
-202110112112201 (base 3) to base 14
-16315bd
4adcd4 (base 14) to base 10
2573666
What is -301453 (base 8) in base 11?
-68515
Convert -221454 (base 7) to base 5.
-2221434
What is -2431433 (base 6) in base 9?
-215463
What is 1101101011110011111011 (base 2) in base 9?
6666784
-4897107 (base 10) to base 8
-22534523
Convert 2350326 (base 8) to base 10.
643286
1c8764 (base 14) to base 11
639019
17196 (base 10) to base 5
1022241
Convert aa399 (base 11) to base 6.
3233343
What is -3214443 (base 5) in base 11?
-37940
-2245010 (base 7) to base 13
-9a72a
121101230 (base 4) to base 2
11001010001101100
Convert 11211122212002 (base 3) to base 9.
4748762
-23425015 (base 6) to base 8
-2632643
What is 12054325 (base 8) in base 16?
2858d5
-202010210 (base 3) to base 8
-34532
Convert 2333314400 (base 5) to base 7.
63433622
What is -202113120 (base 4) in base 14?
-39424
What is 1100024410 (base 5) in base 13?
641842
Convert 134110002 (base 5) to base 6.
22452124
-13123021130 (base 4) to base 13
-531b00
3069b (base 15) to base 4
211130123
What is -11202021200 (base 3) in base 5?
-10443034
What is -11010100010111000 (base 2) in base 6?
-2155212
What is 1729e6 (base 15) in base 9?
2101100
Convert 314230433 (base 5) to base 13.
373208
What is 63466271 (base 8) in base 6?
1201542441
What is 111110010100101110000 (base 2) in base 8?
7624560
-88807 (base 9) to base 16
-e65f
What is -3330014 (base 7) in base 15?
-819c2
What is 7631273 (base 8) in base 6?
111453431
What is 16145236 (base 7) in base 12?
631534
Convert 2561c0 (base 13) to base 6.
31133322
22000233102 (base 4) to base 2
1010000000101111010010
Convert -201491 (base 14) to base 6.
-35044435
What is -10011010011101110101 (base 2) in base 7?
-5243405
101550 (base 9) to base 15
12ca3
Convert -200020222112 (base 3) to base 9.
-606875
What is 1c94e (base 15) in base 7?
535535
What is -22104421 (base 5) in base 13?
-69076
Convert -1701056 (base 9) to base 3.
-1210001001220
Convert 759a9 (base